7 - 37b0?
-3355
In base 6, what is -15124 + -2115243?
-2134411
In base 8, what is 5 + -62426356?
-62426351
In base 6, what is 230432511 + -321?
230432150
In base 13, what is 25abc6 + -86?
25ab40
In base 12, what is -3a - 4415559?
-4415597
In base 8, what is -164 + 135740?
135554
In base 16, what is 580 + -df2a?
-d9aa
In base 10, what is -5 - 14320633?
-14320638
In base 2, what is -11000101 - 10110100000000010?
-10110100011000111
In base 10, what is -2311 + 11425?
9114
In base 7, what is 3 - -10246612?
10246615
In base 8, what is -1075 - 444603?
-445700
In base 15, what is -3 + -42b09a?
-42b09d
In base 3, what is 10 + -12010221221221012?
-12010221221221002
In base 8, what is 14456 - 15353?
-675
In base 12, what is a + 444bb1?
444bbb
In base 5, what is -210141221 - 32?
-210141303
In base 15, what is 6e56b + 38?
6e5a4
In base 7, what is 1006453 + 1662?
1011445
In base 2, what is 100011100111 + -1000100110?
11011000001
In base 2, what is 1001011001100 - -100010011111011100?
100011101010101000
In base 13, what is -216610 + -444?
-216a54
In base 11, what is -3 + -28a1128a?
-28a11292
In base 14, what is 5 + -2a7a55?
-2a7a50
In base 2, what is 1010111 + -100000000100000011110?
-100000000011111000111
In base 4, what is -10010 - 122233232?
-122303302
In base 11, what is 5 + -889a831?
-889a827
In base 11, what is -8715 + -1605a?
-23774
In base 8, what is 14475773 + -3?
14475770
In base 15, what is -c6dc1a43 - -2?
-c6dc1a41
In base 10, what is 22 - -224828?
224850
In base 7, what is -220545243 - 12?
-220545255
In base 7, what is 5 - 15244311?
-15244303
In base 6, what is -11304124201 - -5?
-11304124152
In base 6, what is -100402 - -23032?
-33330
In base 5, what is 101041 - -21424312?
22030403
In base 13, what is 335b + 595?
3923
In base 12, what is 1 + 15b75?
15b76
In base 9, what is -6483820 + 5?
-6483814
In base 16, what is -3 - 504a7ca?
-504a7cd
In base 12, what is -17303 - -86a?
-16655
In base 15, what is 181c0 - 69?
18156
In base 16, what is -90 - 3f44b?
-3f4db
In base 15, what is 21451 - 31?
21420
In base 5, what is 2 + -103131310?
-103131303
In base 12, what is -112 + -12a664?
-12a776
In base 8, what is -172 - -51121?
50727
In base 10, what is 16 - 229817?
-229801
In base 8, what is 115332 + 3626?
121160
In base 11, what is -333746 + -6?
-333751
In base 9, what is 8 - 52607757?
-52607748
In base 4, what is 1223300 - -11022211?
12312111
In base 4, what is -230111320221 + 2?
-230111320213
In base 14, what is 19157b1 + -1?
19157b0
In base 16, what is -105 - -121566?
121461
In base 8, what is 1 - -12634645?
12634646
In base 7, what is -445436 - 14?
-445453
In base 13, what is a495c315 - 4?
a495c311
In base 3, what is -210201102122122 + -100?
-210201102122222
In base 3, what is 212120 + 121012221120?
121020211010
In base 16, what is 3e99 - 1cb?
3cce
In base 3, what is -10111 + -100001021210?
-100001102021
In base 15, what is 33e + -1e9c1?
-1e682
In base 11, what is 2160 + 66423?
68583
In base 3, what is 2020 - 201002?
-121212
In base 13, what is -197 - 68741?
-68908
In base 3, what is 101122011101122 + 2?
101122011101201
In base 8, what is -4535713 + 2?
-4535711
In base 11, what is -3072710 + -24?
-3072734
In base 2, what is 10011011101 + -111001100001?
-100110000100
In base 2, what is -100001101110001 + -101010110?
-100010011000111
In base 9, what is 38170 - -1434?
40614
In base 13, what is 18c356 - -291?
18c617
In base 7, what is 33605425 + 13?
33605441
In base 15, what is -99 - -4771?
46c7
In base 10, what is 0 - -53918394?
53918394
In base 8, what is -253 - -155021?
154546
In base 7, what is 14 + 334005544?
334005561
In base 6, what is -455 + -501000?
-501455
In base 12, what is -5b0 - -b059?
a669
In base 13, what is -57 + 500194?
50013a
In base 12, what is 35a89917 - -1?
35a89918
In base 2, what is -1001100001110001010100 + 101?
-1001100001110001001111
In base 16, what is -394 - -e7d1?
e43d
In base 5, what is 101312331323 - 3?
101312331320
In base 8, what is 5 - -16602735?
16602742
In base 9, what is -30275443 - -3?
-30275440
In base 11, what is a71 + 39855?
3a816
In base 10, what is 91202032 - -2?
91202034
In base 8, what is -40655375 + -51?
-40655446
In base 10, what is 16 + 2028016?
2028032
In base 16, what is -4 + -4badf0?
-4badf4
In base 11, what is -131a41 + -69?
-131aaa
In base 11, what is -72 - -25823?
25761
In base 15, what is d6e - -1c0d?
2a7c
In base 12, what is -23305 - -25?
-232a0
In base 15, what is 1567dc + 168?
156955
In base 4, what is -21301233020 + 11?
-21301233003
In base 13, what is -1492b0 + -77?
-149357
In base 4, what is 31 - -130332113322?
130332120013
In base 12, what is -4a + 642ba?
64270
In base 13, what is 11b3 + 203?
13b6
In base 5, what is 33 + 410123241?
410123324
In base 12, what is -27370a7b - -a?
-27370a71
In base 5, what is 132220331 + 23?
132220404
In base 16, what is 34 + bcab?
bcdf
In base 3, what is -12 + -20212221020111?
-20212221020200
In base 4, what is 110 + 3021321202221?
3021321202331
In base 10, what is 3 + -2262592?
-2262589
In base 2, what is 110000101110001101010 - -11100101?
110000101110101001111
In base 15, what is 4d53ce4 + -4?
4d53ce0
In base 11, what is 939968 + -169?
9397aa
In base 4, what is -23200 + 3331231?
3302031
In base 16, what is -c53c + 3b3?
-c189
In base 12, what is 105200a - 23?
1051ba7
In base 2, what is 1010111110100111000111011001 - 100?
1010111110100111000111010101
In base 11, what is -a89 + 2861?
1883
In base 8, what is 15701300 + -302?
15700776
In base 4, what is 20000012030 - 23?
20000012001
In base 11, what is -210 - -830005?
82a8a5
In base 12, what is a17a - -1ba?
a378
In base 3, what is -2 + -100012100110022?
-100012100110101
In base 5, what is -2111204 - -1144?
-2110010
In base 4, what is -10322233 - -303121?
-10013112
In base 4, what is 21020 + 2323213100?
2323300120
In base 3, what is 212 + 121201212110?
121201220022
In base 6, what is -5 - -20045535052?
20045535043
In base 7, what is -16 - -20502001?
20501652
In base 10, what is -665280 - -2?
-665278
In base 16, what is 2dff6cf + -4?
2dff6cb
In base 14, what is -2 + -48302c?
-483030
In base 13, what is -248a55b9 + -5?
-248a55c1
In base 16, what is -4 - -24281f?
24281b
In base 13, what is c4a + 2b2c?
3a79
In base 11, what is -2 + 939506a?
9395068
In base 5, what is 2 + 424400113?
424400120
In base 11, what is -1 - 13964a7?
-13964a8
In base 7, what is -2 + -4402352?
-4402354
In base 7, what is -2 - -201456203?
201456201
In base 10, what is -387 - 338034?
-338421
In base 6, what is 1112505 - -2303?
1115212
In base 9, what is 2886 + -17237?
-14241
In base 6, what is 222415330012 + 3?
222415330015
In base 2, what is -1010010000111100 + -10111000?
-1010010011110100
In base 4, what is 11 + 3031031113212?
3031031113223
In base 2, what is 111001 - -10110011111000100?
10110011111111101
In base 11, what is -39 + 3123817?
3123789
In base 8, what is 352373315 - 12?
352373303
In base 2, what is -1010100011001011011 - 110011000010?
-1010101001100011101
In base 5, what is 12 - -4314122?
4314134
In base 9, what is -4636265 - -7?
-4636257
In base 11, what is 786231 + -2?
78622a
In base 11, what is -418 + 97298?
96980
In base 2, what is 11010100000111110000 + -1010101?
11010100000110011011
In base 13, what is 15 - 16830a2?
-168308a
In base 12, what is -4178253 + -15?
-4178268
In base 6, what is -15520 + 4335?
-11141
In base 10, what is -10174 + 4270?
-5904
In base 16, what is 4 - -29174?
29178
In base 16, what is 9111c - 23?
910f9
In base 8, what is -304 - 134334?
-134640
In base 11, what is 9a - -4238706?
42387a5
In base 9, what is 1426135 + 0?
1426135
In base 12, what is -3006983 + 11?
-3006972
In base 2, what is -110001011 - 1110011011010?
-1111001100101
In base 5, what is 2 + -141344041?
-141344034
In base 4, what is -1010 - -11322313100?
11322312030
In base 13, what is -5 + -44abc?
-44ac4
In base 2, what is 10010000110001110010010 - -100?
10010000110001110010110
In base 9, what is 1021100 + -53?
1021036
In base 15, what is -e2 + -3951?
-3a43
In base 13, what is -4 + 6b5c53?
6b5c4c
In base 15, what is -91 - 6b836?
-6b8c7
In base 11, what is 6 - -832747?
832752
In base 4, what is -102 + 223310300?
223310132
In base 9, what is -5 - -12715387?
12715382
In base 7, what is -3116 - -413636?
410520
In base 12, what is 9 + 26a6b3?
26a70